 digit of u?
5
What is the hundreds digit of -8 + ((-132)/(-11) - 5) - -22484?
4
Let h(n) = n - 3. Suppose 12 = -4*o + 8*o. Let i be h(o). What is the units digit of (-1)/1*i + -2 + 42?
0
Let l be ((-4)/(-6))/((-1)/6). Let o(i) = -3*i**3 - 13*i**2 - 2*i - 1. Let n be o(l). Let r(m) = -5*m - 7. What is the units digit of r(n)?
8
Suppose 0 = 4*n - 13 + 5. Suppose -5 = n*c - 11. Suppose -c*l = 2*l - 490. What is the tens digit of l?
9
Let i = 67 + -55. Suppose 0 = u + i*u + 39. What is the units digit of 3/(u - 0)*-33?
3
Suppose 3*x = -4*t + 919, -x + 4*x = -2*t + 467. Suppose -2*r + 2*q + 25 = 5*q, -3*r + 30 = 3*q. Suppose -7*s + r*s = -t. What is the tens digit of s?
1
Let b(k) = 226*k + 5. Suppose -4*y + 3*h = -138, -h + 64 = 2*y - 0*y. Suppose -w - y + 34 = 0. What is the hundreds digit of b(w)?
2
Let h be 195/9 + (-10)/6. Suppose -6360 = -h*t + 10*t. What is the tens digit of t?
3
Let i(q) = -q**2 + 41*q - 12. Let l = 54 - 38. What is the hundreds digit of i(l)?
3
Suppose -p + 3*a + 5 = 4*p, 2*p + 17 = 5*a. Suppose -p*i - 9*i = -52. Suppose -i*t - 111 = -m, 2*t = -m - 0*m + 117. What is the hundreds digit of m?
1
Let u(q) be the first derivative of q**3/3 + q**2 - 6*q - 27. Let o be u(-4). Suppose -i + 4*k = -59 - 51, o*i - 244 = -4*k. What is the tens digit of i?
1
Let k(v) = -v**3 + 4*v**2 + 20*v + 562. What is the hundreds digit of k(-24)?
2
Suppose -2*g = -2*x - 20542, 3*g - 26343 = -x + 4446. What is the thousands digit of g?
0
What is the tens digit of (-6)/(-8) + 11/44 - (-126830)/10?
8
Let r = 142 + -139. Suppose 2*s = -q + 219, -3*s - 581 - 76 = -r*q. What is the hundreds digit of q?
2
Let t(o) = -2*o - 1. Let p(k) = -17*k + 19. Let f(d) = p(d) + 4*t(d). What is the units digit of f(-29)?
0
Let y be 358 + (3 - ((6 - 4) + -1)). Let s = y - -21. What is the hundreds digit of s?
3
Let q = -87 + 86. What is the units digit of 14520/12 + (5 - (-2)/q)?
3
Let u = 218747 + -155648. What is the hundreds digit of u?
0
Suppose -4 = 11*m - 26. Suppose 311 = 3*p + 2*b, -2*b - 6 = -m. What is the tens digit of p?
0
Suppose 5*x = 21*x - 5232. Let f = 775 - x. What is the hundreds digit of f?
4
Let j(s) = -48*s - 31. Let g = -12 + 16. Let z(u) = -u**3 + 6*u**2 - 8*u - 4. Let b be z(g). What is the units digit of j(b)?
1
Let d(j) = -10 + 2*j**3 - j**3 + 7*j**2 + 6. Let a be d(-7). What is the units digit of 62 + 3 + a/(-4)?
6
Let x = 12703 + -3045. What is the units digit of x?
8
Let x(v) be the second derivative of -17*v + 1/20*v**5 - 19/2*v**2 - 5/3*v**3 + 0 + 3/4*v**4. What is the tens digit of x(-8)?
2
Let f(h) = 3*h**2 - 37*h - 126. Let j(m) = -m**2 + 13*m + 42. Let q(d) = -6*f(d) - 17*j(d). Let k be 4/(-18) - 4/(-18). What is the tens digit of q(k)?
4
Suppose 3*q + 66 = -63. Let y(l) = -3*l + 66. Let b be y(6). Let w = b - q. What is the units digit of w?
1
Let w be 40*(119/4 + -23). Let x(f) = 3*f**3 + f**2 + f + 7. Let u be x(5). Let r = u - w. What is the hundreds digit of r?
1
Let c(o) = 5*o + 80. Let f be c(-14). Suppose 0 = 2*z - 2*y - 3556, -3*z + f*y + 5310 = 13*y. What is the tens digit of z?
7
Suppose -22*v - 150 = -16*v. Let w be (-1)/2 - v/10. Suppose -153 = -4*m - i, -2*m + w*i + 101 = m. What is the tens digit of m?
3
What is the ten thousands digit of (-16 - (-25211)/15)*15?
2
Suppose -4*v = -5*o - 317, -4*o + 17 = 5. Suppose -2*k + 113 = -v. Let f = k + 43. What is the hundreds digit of f?
1
Suppose -2*h - 19 = -11. Let v = h - -6. Suppose -v*u - 3*r = -231, -2*u - 3*u + r = -586. What is the hundreds digit of u?
1
What is the thousands digit of (-438)/2482 - 500690/(-34)?
4
Suppose -f + 30*j + 34051 = 27*j, 4*j - 20 = 0. What is the hundreds digit of f?
0
Let w = -844 + 838. What is the hundreds digit of 3/w - 4245/(-6)?
7
Let x = 27 + -25. Let d be x*(0 - 5)*3/6. What is the tens digit of (0 + (-6 - d))*-223?
2
Let o be ((-306)/17)/(1/(-1)). Let f(i) = -55 + i**3 - 3*i**2 - 36 + 49 - 14*i**2 + o*i. What is the tens digit of f(17)?
6
Let j be 20/(-25)*-5*2/4. What is the units digit of (204 + j)/((-36)/(-18))?
3
Let i(q) = 2*q**2 - 9*q + 15. Let l be i(3). Let d be (-1 + 2)/((-1)/(-4)). Suppose 194 = -d*t + l*t. What is the units digit of t?
7
Let i(a) be the second derivative of -25*a**3/6 - 8*a**2 + 39*a. What is the units digit of i(-1)?
9
Let r be (-4)/6*(4 - 2)*-3. Suppose -r*m = -3*o - m - 30, 4*o + 64 = -4*m. What is the hundreds digit of (o/((-195)/(-220)))/((-4)/30)?
1
Suppose 0*z = 2*z + 40. Let o = -39 + z. Let i = o + 113. What is the units digit of i?
4
Suppose -1589 = -3*m + 4321. What is the tens digit of m?
7
Let b(n) = 166*n**2 - 10*n + 4. What is the tens digit of b(-2)?
8
Suppose -297*g = -292*g - 30. What is the hundreds digit of 1022 - (7 + -6 - g)?
0
Let v be (-38)/(-4 - 438/(-110)). Suppose 5*q - v - 175 = 0. What is the units digit of q?
3
Suppose -2*z = -2, -5*h + 9 + 3 = -3*z. Let u(o) = -o**2 - 8*o**h - 4*o**2 + 5 + 1 - 6*o + 7*o**3. What is the tens digit of u(-5)?
3
Suppose -3*z = -8*z - l + 18, 4*z - 3*l - 3 = 0. Suppose -y + 5 = -h - 3*h, -4*h = -2*y + 10. What is the units digit of (1/z)/(h + 5/120)?
8
Suppose 3*f = -3*m + 13884, 3*m - f - 4*f - 13884 = 0. What is the tens digit of (-180)/225 + m/10?
6
Let z(x) = 3*x**3 - 54*x**2 - 60*x - 49. What is the units digit of z(23)?
6
Suppose -4*k + 19 = 3. Suppose 2*m - 140 = -b + k*m, 0 = -b - m + 137. What is the units digit of (5/((-15)/2))/((-2)/b)?
6
Let w(g) = -2*g**2 - 89*g - 21. Let n be w(-14). Suppose 0 = -9*s + 7817 - n. What is the units digit of s?
6
Suppose -309*r = -313*r - 4*n + 215812, -4*n = 28. What is the thousands digit of r?
3
Suppose 22*c - 247 - 2899 = 0. Suppose 840 = -140*n + c*n. What is the units digit of n?
0
Let o(x) = 4*x - 28. Let t be o(8). Suppose j = -3*m + 171, 0 = -3*m + t*m - 5*j - 57. Suppose m*w = 53*w + 356. What is the tens digit of w?
8
Let g = -7538 - -41699. What is the units digit of g?
1
Suppose -312*h + 150552 + 864706 = -268622. What is the hundreds digit of h?
1
Let o be (0 - 358/(-14)) + 72/168. Suppose o*r - 28*r = -1116. What is the tens digit of r?
5
Suppose -5*t - 22 = -4*m + 230, 4*t = -3*m + 158. Let w = m - 56. What is the tens digit of ((-176)/20)/(w/(-5))?
2
Suppose 9*b = 58 + 14. Suppose 4*s - 2754 = -5*a, b*a - 4*s + 1092 = 10*a. What is the hundreds digit of a?
5
Let f(b) = -b**3 + 6*b + 7. Let h be f(-2). Suppose 2*l - 410 = 3*r + 892, -5*r = h*l - 1953. What is the hundreds digit of l?
6
Let a = 0 - -2. Let w be 12/(-18)*3*-4. Suppose -32 = -a*v + w. What is the units digit of v?
0
What is the hundreds digit of 58 + -60 - (-5490)/1?
4
Let n = 22 + 2. Let m = n - 11. Suppose 0 = -9*w + m*w - 228. What is the tens digit of w?
5
Suppose 0 = -5*c - 3*d + 2061 + 22611, -2*c + d = -9860. What is the tens digit of c?
3
Suppose 0 = 33*r - 176373 - 99672. What is the thousands digit of r?
8
Let h = 388 + -178. Let x = 343 - h. What is the tens digit of x?
3
Let p(b) be the third derivative of -b**5/60 + b**4 + 55*b**3/3 + 12*b**2 - 2*b. What is the units digit of p(25)?
5
Suppose s - n = -1618, 0 = -5*s + 7*s + 4*n + 3254. Let j = s + 2589. What is the tens digit of j?
6
Let n be ((-34)/6 - -1)/(62/(-93)). What is the tens digit of ((-39)/(-26) + 446/4)*n?
9
Let a = 273 + -277. What is the units digit of -1*a/8*646?
3
Suppose 29*c - 10*c = 13*c. Suppose -6*y - 1055 + 8333 = c. What is the units digit of y?
3
Let h = 18576 + -4716. What is the ten thousands digit of h?
1
Suppose -3*k - 3 = 0, 2*k - 43 = 3*t - 0*t. Suppose 22 + 8 = -2*j. What is the units digit of 6/j - 231/t?
5
Let n be 196/490 - ((-4)/5)/(-2). Suppose 5*b + 2*l - 5148 = n, -3*b - l + 2059 = -b. What is the units digit of b?
0
Let j(m) = -2*m - 34. Let h be j(-8). What is the hundreds digit of h/(3/18*-1)?
1
What is the ten thousands digit of 28/(-154)*(-4173026)/52?
1
Suppose 0 = -120*o + 173*o - 246344. What is the units digit of o?
8
Suppose x - 5*w - 10857 = 0, -4*x - 149*w = -150*w - 43504. What is the ten thousands digit of x?
1
Let r = -38 + -14. Let z = r + 340. Let m = -168 + z. What is the tens digit of m?
2
Let v = -130 - -136. Let j be (-8)/v*60/4. What is the units digit of (-5)/j + 47/4?
2
Let r(q) = -24*q**3 + 12*q**2 + 61*q + 26. What is the units digit of r(-6)?
6
Suppose -3*d = 2*u + 2028, -u - 3*d - 183 - 8